3
What is the greatest common divisor of 1443651 and 2706?
1353
Calculate the highest common divisor of 448929 and 126.
9
Calculate the greatest common factor of 19449 and 2313.
9
What is the highest common divisor of 549 and 41602?
61
Calculate the greatest common factor of 286692 and 9.
3
What is the highest common divisor of 54 and 89442?
18
What is the greatest common factor of 1494441 and 3445?
689
What is the greatest common divisor of 970 and 34750?
10
What is the greatest common factor of 9 and 317859?
3
What is the highest common factor of 431411 and 69?
23
What is the greatest common factor of 638856 and 1824?
456
Calculate the highest common factor of 84 and 114114.
42
Calculate the greatest common divisor of 136 and 5155318.
34
What is the greatest common divisor of 1173 and 52?
1
Calculate the highest common factor of 6464785 and 5.
5
Calculate the highest common factor of 2709 and 54051.
129
Calculate the highest common divisor of 5061 and 3.
3
Calculate the highest common factor of 1410 and 9510.
30
Calculate the greatest common factor of 144 and 25128.
72
Calculate the highest common factor of 3239 and 24332.
79
What is the highest common divisor of 1006079 and 985?
197
What is the highest common divisor of 65 and 132925?
65
Calculate the greatest common divisor of 73817 and 5327.
761
Calculate the highest common factor of 2701 and 657.
73
What is the highest common divisor of 841 and 26187?
29
What is the greatest common factor of 128325 and 225?
75
What is the greatest common divisor of 1895 and 6155?
5
Calculate the highest common factor of 198 and 8371.
11
Calculate the highest common factor of 4123 and 13167.
133
Calculate the highest common divisor of 61112 and 32.
8
What is the greatest common divisor of 114 and 288572?
38
What is the highest common divisor of 231361 and 962?
481
What is the highest common factor of 798 and 6258?
42
What is the highest common factor of 1792896 and 667?
667
What is the highest common divisor of 126 and 5194?
14
Calculate the greatest common divisor of 2 and 643.
1
What is the highest common divisor of 90302 and 40750?
326
Calculate the highest common factor of 54109 and 11.
11
What is the greatest common divisor of 176 and 511568?
16
Calculate the greatest common factor of 294 and 17682.
42
What is the greatest common divisor of 918 and 226542?
102
Calculate the highest common divisor of 84 and 29624.
28
Calculate the highest common divisor of 248 and 661292.
124
What is the highest common divisor of 6 and 481308?
6
What is the highest common divisor of 429 and 134046?
33
Calculate the highest common divisor of 528 and 132.
132
What is the highest common factor of 266466 and 712?
178
What is the highest common factor of 210 and 17682?
42
Calculate the highest common divisor of 546 and 11362.
26
What is the highest common divisor of 697 and 3813?
41
Calculate the greatest common factor of 79764 and 8096.
92
Calculate the greatest common divisor of 546441 and 21.
21
What is the highest common factor of 22632 and 18216?
552
Calculate the highest common factor of 1738 and 344993.
869
Calculate the greatest common divisor of 160608 and 3168.
96
What is the highest common divisor of 2728 and 208568?
248
Calculate the greatest common factor of 205125 and 2.
1
What is the greatest common factor of 50232 and 5704?
184
Calculate the greatest common divisor of 3780 and 75033.
189
Calculate the highest common divisor of 11 and 1464287.
11
What is the highest common factor of 861 and 21182?
7
What is the greatest common divisor of 314188 and 1832?
916
Calculate the highest common factor of 694642 and 65.
13
Calculate the greatest common divisor of 571363 and 13.
13
Calculate the highest common factor of 365688 and 1512.
216
What is the greatest common factor of 17 and 2738?
1
Calculate the highest common factor of 2590990 and 20.
10
Calculate the highest common divisor of 10350 and 45.
45
Calculate the highest common divisor of 7714 and 5054.
266
Calculate the greatest common factor of 3993 and 561.
33
What is the highest common divisor of 5900 and 250?
50
What is the greatest common factor of 570 and 9975?
285
What is the highest common factor of 1408482 and 162?
54
Calculate the greatest common divisor of 73608 and 72.
24
What is the greatest common divisor of 136 and 68952?
136
Calculate the highest common divisor of 129766 and 403.
403
Calculate the highest common factor of 127969 and 511.
73
Calculate the greatest common factor of 71918 and 9086.
154
What is the highest common divisor of 1209 and 29991?
39
What is the highest common factor of 970 and 419525?
485
Calculate the highest common divisor of 60345 and 3240.
405
Calculate the highest common divisor of 496 and 31558.
62
What is the highest common factor of 656 and 1616?
16
What is the greatest common divisor of 4312 and 84?
28
What is the greatest common divisor of 528 and 102552?
24
Calculate the greatest common divisor of 157499 and 174.
29
What is the greatest common factor of 7220 and 756?
4
What is the greatest common factor of 552604 and 1144?
52
Calculate the highest common divisor of 1655 and 13435.
5
What is the highest common factor of 1085363 and 7396?
1849
Calculate the greatest common divisor of 226148 and 5824.
52
Calculate the greatest common divisor of 44316 and 36.
36
Calculate the greatest common divisor of 834636 and 36.
12
Calculate the highest common divisor of 17020 and 322.
46
What is the greatest common factor of 177756 and 108?
12
Calculate the highest common divisor of 82566 and 132.
66
Calculate the highest common divisor of 82377 and 2.
1
Calculate the greatest common divisor of 16332 and 108.
12
What is the greatest common factor of 4989 and 3535538?
1663
What is the greatest common factor of 326920 and 120?
40
What is the greatest common factor of 16112 and 66992?
848
What is the greatest common factor of 4351 and 10534?
229
Calculate the greatest common divisor of 746 and 40.
2
What is the greatest common factor of 1130 and 967958?
226
Calculate the highest common factor of 6695 and 19055.
515
What is the highest common factor of 70 and 32718?
14
What is the greatest common factor of 703758 and 30?
6
Calculate the highest common factor of 5230 and 61714.
1046
Calculate the highest common factor of 1742 and 182.
26
What is the highest common factor of 12712 and 4?
4
Calculate the highest common factor of 10668 and 3108.
84
What is the highest common divisor of 686 and 596?
2
Calculate the greatest common divisor of 51 and 14297.
17
What is the highest common factor of 67416 and 48?
24
Calculate the greatest common factor of 400 and 56200.
200
What is the greatest common divisor of 16 and 34120?
8
What is the greatest common divisor of 448 and 3472?
112
Calculate the greatest common factor of 671 and 5753.
11
Calculate the highest common factor of 8381 and 23171.
493
Calculate the highest common factor of 15774 and 5497.
239
Calculate the highest common factor of 4960 and 2055.
5
Calculate the highest common factor of 32 and 2203.
1
Calculate the highest common divisor of 350 and 506500.
50
Calculate the highest common divisor of 4524 and 98631.
39
What is the greatest common factor of 156 and 89284?
52
What is the greatest common divisor of 111592 and 1160?
232
What is the highest common divisor of 376 and 553096?
376
What is the greatest common divisor of 2703 and 1161389?
901
Calculate the greatest common divisor of 1570050 and 300.
150
What is the highest common factor of 30 and 2868618?
6
What is the highest common divisor of 75665 and 370?
185
Calculate the highest common factor of 78 and 21320.
26
Calculate the greatest common divisor of 92 and 741428.
92
What is the greatest common factor of 1655008 and 48?
16
What is the greatest common divisor of 54628 and 140?
28
Calculate the highest common factor of 612 and 104022.
18
Calculate the greatest common divisor of 6763 and 62.
1
What is the greatest common factor of 67268 and 14056?
1004
Calculate the greatest common factor of 5243 and 107.
107
What is the greatest common divisor of 8 and 28508?
4
What is the highest common divisor of 109269 and 37062?
639
Calculate the greatest common factor of 2330 and 1131914.
466
What is the highest common fact